et t(s) = 13*s + 132. Calculate t(-7).
41
Let y(v) = -276*v + 15. Determine y(1).
-261
Let l(p) = p**3 + 13*p**2 - 1849*p - 25. Determine l(37).
12
Let v(c) = 79*c + 634. Give v(-8).
2
Let r(z) = -135*z - 12146. Give r(-90).
4
Let g(c) = -245*c + 72. Calculate g(2).
-418
Let q(n) = 2*n**3 - 43*n**2 + 28*n - 1100. Give q(22).
0
Let y(v) = v**2 + 53*v + 504. Determine y(-40).
-16
Let r(z) = 6*z**3 + 115*z**2 - 96*z + 65. Calculate r(-20).
-15
Let a(z) = -z**2 + 27*z - 186. What is a(13)?
-4
Let j(b) = -b**3 - 34*b**2 + 495*b - 19. Determine j(-45).
-19
Let x(v) = -4*v**2 - 230*v + 110. What is x(-58)?
-6
Let c(f) = -832*f - 10811. Give c(-13).
5
Let c(n) = -5*n**2 - 55*n - 260. Give c(-5).
-110
Let y(i) = -2*i**3 + 306*i**2 + 85. Give y(153).
85
Let g(l) = -721*l + 4327. Determine g(6).
1
Let m(j) = 3*j + 93. Give m(-33).
-6
Let u(s) = -82*s - 6176. Calculate u(-77).
138
Let h(p) = -19*p + 81. What is h(4)?
5
Let i(c) = -c**3 - 48*c**2 - 2*c - 98. What is i(-48)?
-2
Let y(u) = u**3 + 106*u**2 - 106*u + 110. Calculate y(-107).
3
Let z(j) = -161*j + 956. Give z(6).
-10
Let s(y) = -277*y - 2489. Determine s(-9).
4
Let n(i) = -16*i**2 + 119*i - 165. Calculate n(6).
-27
Let d(w) = -w + 118. Calculate d(29).
89
Let p(y) = -y**2 + 43*y + 430. Determine p(-8).
22
Let v(z) = z**3 + 44*z**2 + 260*z - 55. What is v(-37)?
-92
Let k(j) = j**3 - 35*j**2 - 198*j - 47. What is k(40)?
33
Let r(k) = -733*k - 1468. Calculate r(-2).
-2
Let q(c) = 2*c**3 - 63*c**2 + 149*c - 122. Give q(29).
-6
Let k(h) = 2*h**3 + 14*h**2 + 25*h. Calculate k(-2).
-10
Let q(x) = x**2 + 189*x - 3118. Calculate q(15).
-58
Let i(d) = 201*d + 585. Give i(-3).
-18
Let u(d) = 81*d - 4. What is u(-1)?
-85
Let i(o) = 2*o**2 - 743*o + 9298. Calculate i(13).
-23
Let j(m) = -m**2 - 107*m + 5166. What is j(36)?
18
Let k(g) = g**2 + 61*g - 286. What is k(-66)?
44
Let p(m) = 4*m**2 - 75*m + 387. Give p(12).
63
Let u(a) = 3*a**2 - 140*a + 15. Give u(46).
-77
Let q(g) = 413*g - 805. Give q(2).
21
Let c(x) = 16*x - 707. What is c(41)?
-51
Let w(g) = 3*g**2 - 22*g - 74. What is w(-5)?
111
Let i(s) = s**3 - 792*s + 3109. Determine i(4).
5
Let y(g) = g**3 + 57*g**2 - 74*g - 903. Calculate y(-58).
25
Let s(m) = 184*m**3. Determine s(1).
184
Let v(m) = 4*m**2 - 249*m - 183. What is v(63)?
6
Let n(q) = 2*q**3 + 6*q**2 - 188*q - 733. Give n(-4).
-13
Let z(f) = 12*f + 144. Calculate z(-55).
-516
Let c(i) = -29*i - 38. Give c(-5).
107
Let f(t) = -t**3 - 6*t**2 + 18*t + 21. Determine f(-7).
-56
Let g(w) = -3*w**2 + 24*w - 99. What is g(5)?
-54
Let z(i) = -i**3 - 23*i**2 - 35*i - 24. What is z(-21)?
-171
Let g(o) = -17*o**3 + 6*o**2 - 7*o + 4. Determine g(3).
-422
Let u(f) = -1008*f + 2011. Determine u(2).
-5
Let x(f) = -2*f**2 - 102*f - 475. Give x(-5).
-15
Let o(z) = z**3 + 22*z**2 - 19*z - 7. Give o(-23).
-99
Let k(n) = n**2 + 72*n - 20. Calculate k(-72).
-20
Let b(q) = -3*q**2 + 28*q - 51. Determine b(13).
-194
Let z(r) = 3*r**3 - 27*r**2 + 15*r - 39. What is z(9)?
96
Let s(m) = -m**3 + 42*m**2 - 85*m - 1244. Give s(39).
4
Let o(h) = -84*h + 104. Calculate o(-2).
272
Let i(a) = -9976*a + 189558. Calculate i(19).
14
Let h(m) = 354*m + 1006. Determine h(-3).
-56
Let b(v) = -v**2 - 51*v - 255. What is b(-44)?
53
Let i(t) = t**3 - 88*t**2 + 702*t + 711. Determine i(79).
0
Let b(l) = 3*l**3 - 30*l**2 - 6*l + 57. Calculate b(10).
-3
Let v(h) = -3*h**3 - 56*h**2 + 10*h + 2. Calculate v(-19).
173
Let m(f) = -51*f**2 + 16*f - 9. Determine m(2).
-181
Let y(p) = 5*p**2 + 148*p + 456. Calculate y(-26).
-12
Let s(v) = -v**3 - v**2 - 108*v + 367. Calculate s(3).
7
Let o(m) = 16*m - 2. What is o(-6)?
-98
Let y(w) = -4*w + 251. Calculate y(53).
39
Let u(g) = 23*g**2 - 1633*g - 7. What is u(71)?
-7
Let d(n) = n**2 + 103*n + 2654. Calculate d(-53).
4
Let g(w) = w**3 + 33*w**2 + 123*w + 184. Calculate g(-27).
1237
Let k(w) = -w**2 - 7*w + 19. Give k(2).
1
Let n(t) = -258*t - 12890. What is n(-50)?
10
Let n(u) = u**2 + 25*u + 72. What is n(-19)?
-42
Let b(q) = 6*q**2 + 120*q + 431. Determine b(-5).
-19
Let w(s) = s**3 - 20*s**2 + 25*s - 62. Determine w(19).
52
Let w(s) = s**2 - 25*s - 204. What is w(32)?
20
Let i(o) = o**2 - 17*o - 527. Give i(33).
1
Let d(o) = 10*o - 527. Determine d(21).
-317
Let k(g) = -2*g**2 + 11*g + 53. What is k(10)?
-37
Let q(b) = -94*b + 288. Determine q(3).
6
Let z(r) = -17*r**2 - 5*r + 7. Give z(4).
-285
Let o(s) = -1364*s + 1400. Determine o(1).
36
Let a(j) = j**3 - 25*j**2 + 57*j + 114. Give a(22).
-84
Let f(b) = -6*b + 21. Determine f(12).
-51
Let y(v) = -2615*v + 13057. Determine y(5).
-18
Let z(h) = -h**2 + 344*h - 24959. Determine z(104).
1
Let m(p) = 8*p - 426. What is m(39)?
-114
Let s(o) = -3*o - 411. What is s(-80)?
-171
Let h(q) = 35*q + 397. What is h(-10)?
47
Let f(m) = -m**3 + 33*m**2 - 216*m + 3. Calculate f(24).
3
Let j(r) = 31*r + 1638. Calculate j(-54).
-36
Let k(r) = r**2 + 7*r - 73. Determine k(7).
25
Let z(h) = -h**3 - 22*h**2 + 24*h - 175. Calculate z(-23).
-198
Let u(s) = -29*s - 1035. Calculate u(-36).
9
Let d(c) = -13*c + 110. What is d(9)?
-7
Let i(s) = s**3 - 50*s**2 - 36*s - 720. What is i(51)?
45
Let o(p) = -176*p + 5106. Calculate o(29).
2
Let y(p) = 32*p + 65. What is y(-8)?
-191
Let m(h) = -6*h**2 + 30*h - 36. Give m(3).
0
Let k(c) = c**3 - 13*c**2 - 38*c + 5. Calculate k(15).
-115
Let w(k) = 2*k**3 - 30*k**2 - 7*k + 91. Give w(15).
-14
Let w(f) = 64*f + 2792. Calculate w(-44).
-24
Let t(f) = f**2 - 30*f - 2999. What is t(71)?
-88
Let p(r) = -37*r**2 + 42*r + 42. Give p(-1).
-37
Let t(k) = -2*k**2 - 13*k + 21. What is t(-5)?
36
Let f(o) = -6*o**2 + 360*o + 1082. Calculate f(-3).
-52
Let l(z) = -z**2 - 19*z + 622. What is l(17)?
10
Let x(m) = 15*m**2 + 143*m + 53. Determine x(-6).
-265
Let k(d) = d**2 + 54*d - 256. What is k(-53)?
-309
Let w(o) = -10*o - 37. Calculate w(3).
-67
Let x(f) = -f**3 + 233*f**2 + 964*f - 3795. What is x(237)?
-3
Let r(a) = -a**3 + 44*a**2 - 82*a - 34. Determine r(42).
50
Let t(f) = f**3 + 15*f**2 + 39*f - 5. Determine t(-12).
-41
Let h(t) = t**3 - 20*t**2 - 5. Give h(20).
-5
Let u(r) = -7835*r + 47011. What is u(6)?
1
Let i(x) = 6*x**3 - 32*x**2 + 9*x - 10. What is i(5)?
-15
Let w(s) = 6*s**3 + s**2 + 34*s + 123. Calculate w(-3).
-132
Let q(z) = 24*z**2 - 10*z - 8. What is q(-1)?
26
Let p(t) = 9*t - 217. What is p(26)?
17
Let n(v) = 268*v + 263. Calculate n(-1).
-5
Let c(y) = 68*y**3 + 2516*y**2 + 2*y + 73. Calculate c(-37).
-1
Let o(y) = 4*y**2 - 54*y - 35. Determine o(15).
55
Let s(x) = 3*x + 27. Give s(-40).
-93
Let t(q) = -q**3 - q**2 + 311*q + 320. Give t(0).
320
Let b(d) = -73*d**2 + 30*d + 28. What is b(-1)?
-75
Let x(z) = 24*z - 7. Give x(-6).
-151
Let y(f) = -5*f**2 - 29*f + 244. Determine y(6).
-110
Let q(i) = i**2 - 10*i + 77. What is q(5)?
52
Let t(h) = -6*h**3 - h**2 - 15*h - 15. Give t(-1).
5
Let o(y) = -5*y**3 - 74*y**2 + 15*y + 4. Determine o(-15).
4
Let k(l) = l**2 - 25*l - 41. Give k(31).
145
Let b(s) = s**3 + 11*s**2 - 43*s + 258. Determine b(-15).
3
Let h(n) = 3*n**2 - 171*n + 4. Give h(4).
-632
Let f(k) = -19*k**2 + 34*k + 145. Calculate f(-2).
1
Let l(c) = c**3 + 2*c**2 - 26*c - 4. Determine l(5).
41
Let x(a) = -2*a**2 + 37*a + 495. Calculate x(-8).
71
Let z(l) = -4*l**3 - 319*l**2 + 73*l - 462. Determine z(-80).
98
Let k(j) = 25*j**2 + 1162*j - 610. Calculate k(-47).
1
Let f(m) = -6*m**2 - 50*m + 19. Determine f(-9).
-17
Let j(z) = z**3 - 7*z**2 - 52*z + 316. Calculate j(5).
6
Let g(k) = -k**2 + 155*k + 465. Determine g(-3).
-9
Let c(f) = 6612*f + 46328. Determine c(-7).
44
Let g(f) = -f**3 + 9*f**2 + 97*f - 865. What is g(9)?
8
Let k(s) = -628*s + 89178. What is k(142)?
2
Let c(v) = 3*v**3 + 2*v**2 + 2*v + 7. Give c(3).
112
Let z(f) = 3378*f + 10119. Give z(-3).
-15
Let u(l) = 142*l + 17790. Determine u(-125).
40
Let m(p) = -3*p**3 - 19*p**2 - 29*p - 18. Give m(-6).
120
Let q(v) = -v**3 - 14*v**2 - 114*v - 1602. Calculate q(-14).
-6
Let j(v) = -29*v + 819. Determine j(-10).
1109
Let i(u) = u**3 + 8*u**2 - 6*u + 16. Determine i(-8).
64
Let n(x) = 564*x - 1131. Calculate n(2).
-3
Let p(q) = 4*q - 33. Calculate p(-5).
-53
Let x(c) = 45*c**2 - 511*c + 186. What is x(11)?
10
Let a(n) = -n**2 + 100*n - 743. Calculate a(8).
-7
Let y(s) = -3*s**3 - 25*s**2 - 13*s - 22. Determine y(-9).
257
Let r(i) = 4*i + 347. Calculate 